{"id":2017,"date":"2022-08-02T11:51:04","date_gmt":"2022-08-02T09:51:04","guid":{"rendered":"https:\/\/aiguilhe.eu\/?page_id=2017"},"modified":"2022-11-09T15:52:05","modified_gmt":"2022-11-09T14:52:05","slug":"reconnaissance","status":"publish","type":"page","link":"https:\/\/aiguilhe.fr\/index.php\/reconnaissance\/","title":{"rendered":"Reconnaissance"},"content":{"rendered":"\t\t<div data-elementor-type=\"wp-post\" data-elementor-id=\"2017\" class=\"elementor elementor-2017\">\n\t\t\t\t\t\t<section class=\"elementor-section elementor-top-section elementor-element elementor-element-cec4fde elementor-section-height-min-height elementor-section-items-stretch elementor-section-content-top elementor-section-stretched elementor-section-boxed elementor-section-height-default\" data-id=\"cec4fde\" data-element_type=\"section\" data-e-type=\"section\" data-settings=\"{&quot;background_background&quot;:&quot;classic&quot;,&quot;stretch_section&quot;:&quot;section-stretched&quot;}\">\n\t\t\t\t\t\t<div class=\"elementor-container elementor-column-gap-default\">\n\t\t\t\t\t<div class=\"elementor-column elementor-col-50 elementor-top-column elementor-element elementor-element-635fe47\" data-id=\"635fe47\" data-element_type=\"column\" data-e-type=\"column\">\n\t\t\t<div class=\"elementor-widget-wrap\">\n\t\t\t\t\t\t\t<\/div>\n\t\t<\/div>\n\t\t\t\t<div class=\"elementor-column elementor-col-50 elementor-top-column elementor-element elementor-element-d4e352b\" data-id=\"d4e352b\" data-element_type=\"column\" data-e-type=\"column\">\n\t\t\t<div class=\"elementor-widget-wrap elementor-element-populated\">\n\t\t\t\t\t\t<div class=\"elementor-element elementor-element-a767066 elementor-widget elementor-widget-heading\" data-id=\"a767066\" data-element_type=\"widget\" data-e-type=\"widget\" data-widget_type=\"heading.default\">\n\t\t\t\t<div class=\"elementor-widget-container\">\n\t\t\t\t\t<h1 class=\"elementor-heading-title elementor-size-default\">Reconnaissance d'un enfant \u00e0 Aiguilhe<\/h1>\t\t\t\t<\/div>\n\t\t\t\t<\/div>\n\t\t\t\t\t<\/div>\n\t\t<\/div>\n\t\t\t\t\t<\/div>\n\t\t<\/section>\n\t\t\t\t<section class=\"elementor-section elementor-top-section elementor-element elementor-element-1e70ced elementor-section-boxed elementor-section-height-default elementor-section-height-default\" data-id=\"1e70ced\" data-element_type=\"section\" data-e-type=\"section\">\n\t\t\t\t\t\t<div class=\"elementor-container elementor-column-gap-default\">\n\t\t\t\t\t<div class=\"elementor-column elementor-col-100 elementor-top-column elementor-element elementor-element-d07c6af\" data-id=\"d07c6af\" data-element_type=\"column\" data-e-type=\"column\">\n\t\t\t<div class=\"elementor-widget-wrap elementor-element-populated\">\n\t\t\t\t\t\t<div class=\"elementor-element elementor-element-e427a47 elementor-widget elementor-widget-heading\" data-id=\"e427a47\" data-element_type=\"widget\" data-e-type=\"widget\" data-widget_type=\"heading.default\">\n\t\t\t\t<div class=\"elementor-widget-container\">\n\t\t\t\t\t<h2 class=\"elementor-heading-title elementor-size-default\"><span style=\"color: var( --e-global-color-0827f4e );font-family: var( --e-global-typography-c2833c3-font-family ), Sans-serif;font-size: var( --e-global-typography-c2833c3-font-size );font-style: normal;font-weight: 600\">Qu'est-ce une reconnaissance de l'enfant ? <\/span><\/h2>\t\t\t\t<\/div>\n\t\t\t\t<\/div>\n\t\t\t\t<div class=\"elementor-element elementor-element-712eb9a elementor-widget elementor-widget-text-editor\" data-id=\"712eb9a\" data-element_type=\"widget\" data-e-type=\"widget\" data-widget_type=\"text-editor.default\">\n\t\t\t\t<div class=\"elementor-widget-container\">\n\t\t\t\t\t\t\t\t\t<p>La filiation d&rsquo;un enfant n\u00e9 de parents qui ne sont pas mari\u00e9s n&rsquo;est pas automatique. Si le nom de la m\u00e8re figure sur l&rsquo;acte de naissance, la filiation maternelle est \u00e9tablie. En faisant une reconnaissance pr\u00e9natale, l\u2019enfant est reconnu par le p\u00e8re (acte de filiation) et ne pourra na\u00eetre de p\u00e8re inconnu, m\u00eame si celui-ci venait \u00e0 d\u00e9c\u00e9der avant la naissance. De m\u00eame, elle permet au p\u00e8re d\u2019avoir des droits sur son enfant si la m\u00e8re venait \u00e0 d\u00e9c\u00e9der apr\u00e8s l\u2019accouchement.<\/p>\t\t\t\t\t\t\t\t<\/div>\n\t\t\t\t<\/div>\n\t\t\t\t\t<\/div>\n\t\t<\/div>\n\t\t\t\t\t<\/div>\n\t\t<\/section>\n\t\t\t\t<section class=\"elementor-section elementor-top-section elementor-element elementor-element-6218300 elementor-section-boxed elementor-section-height-default elementor-section-height-default\" data-id=\"6218300\" data-element_type=\"section\" data-e-type=\"section\" data-settings=\"{&quot;background_background&quot;:&quot;classic&quot;}\">\n\t\t\t\t\t\t<div class=\"elementor-container elementor-column-gap-default\">\n\t\t\t\t\t<div class=\"elementor-column elementor-col-100 elementor-top-column elementor-element elementor-element-c056f23\" data-id=\"c056f23\" data-element_type=\"column\" data-e-type=\"column\">\n\t\t\t<div class=\"elementor-widget-wrap elementor-element-populated\">\n\t\t\t\t\t\t<div class=\"elementor-element elementor-element-91f7d8c elementor-widget elementor-widget-heading\" data-id=\"91f7d8c\" data-element_type=\"widget\" data-e-type=\"widget\" data-widget_type=\"heading.default\">\n\t\t\t\t<div class=\"elementor-widget-container\">\n\t\t\t\t\t<h2 class=\"elementor-heading-title elementor-size-default\">Quand faire une reconnaissance?<\/h2>\t\t\t\t<\/div>\n\t\t\t\t<\/div>\n\t\t\t\t<div class=\"elementor-element elementor-element-86c7fc7 elementor-widget elementor-widget-text-editor\" data-id=\"86c7fc7\" data-element_type=\"widget\" data-e-type=\"widget\" data-widget_type=\"text-editor.default\">\n\t\t\t\t<div class=\"elementor-widget-container\">\n\t\t\t\t\t\t\t\t\t<ul><li><strong>Pendant toute la dur\u00e9e de la grossesse<\/strong><\/li><li>Au moment de la\u00a0<strong>d\u00e9claration de naissance de l&rsquo;enfant<\/strong><\/li><li>Apr\u00e8s la naissance (n\u00e9anmoins, lorsque la reconnaissance paternelle intervient<strong>\u00a0plus d&rsquo;un an apr\u00e8s la naissance, seule la m\u00e8re exerce l&rsquo;autorit\u00e9 parentale).<\/strong><\/li><\/ul>\t\t\t\t\t\t\t\t<\/div>\n\t\t\t\t<\/div>\n\t\t\t\t\t<\/div>\n\t\t<\/div>\n\t\t\t\t\t<\/div>\n\t\t<\/section>\n\t\t\t\t<section class=\"elementor-section elementor-top-section elementor-element elementor-element-75f2bc4 elementor-section-boxed elementor-section-height-default elementor-section-height-default\" data-id=\"75f2bc4\" data-element_type=\"section\" data-e-type=\"section\">\n\t\t\t\t\t\t<div class=\"elementor-container elementor-column-gap-default\">\n\t\t\t\t\t<div class=\"elementor-column elementor-col-100 elementor-top-column elementor-element elementor-element-d9a70b8\" data-id=\"d9a70b8\" data-element_type=\"column\" data-e-type=\"column\">\n\t\t\t<div class=\"elementor-widget-wrap elementor-element-populated\">\n\t\t\t\t\t\t<div class=\"elementor-element elementor-element-7e03fa8 elementor-widget elementor-widget-heading\" data-id=\"7e03fa8\" data-element_type=\"widget\" data-e-type=\"widget\" data-widget_type=\"heading.default\">\n\t\t\t\t<div class=\"elementor-widget-container\">\n\t\t\t\t\t<h2 class=\"elementor-heading-title elementor-size-default\">Les pi\u00e8ces \u00e0 produire<\/h2>\t\t\t\t<\/div>\n\t\t\t\t<\/div>\n\t\t\t\t<div class=\"elementor-element elementor-element-cee7753 elementor-widget elementor-widget-text-editor\" data-id=\"cee7753\" data-element_type=\"widget\" data-e-type=\"widget\" data-widget_type=\"text-editor.default\">\n\t\t\t\t<div class=\"elementor-widget-container\">\n\t\t\t\t\t\t\t\t\t<p>La reconnaissance peut se faire dans n&rsquo;importe quelle mairie en pr\u00e9sentant les documents suivants :<\/p><ul><li>Justificatif d&rsquo;identit\u00e9<\/li><li>Justificatif de domicile de moins de 3 mois<\/li><\/ul><p>L&rsquo;officier d&rsquo;\u00e9tat civil r\u00e9dige l&rsquo;acte de reconnaissance, document que vous signez. Il vous remet une copie de l&rsquo;acte qu&rsquo;il faudra pr\u00e9senter lors de la\u00a0<a href=\"https:\/\/www.service-public.fr\/particuliers\/vosdroits\/F961\" target=\"_blank\" rel=\"noopener\">d\u00e9claration de naissance<\/a>.<\/p><p>L&rsquo;acte de reconnaissance mentionne les \u00e9l\u00e9ments suivants\u00a0:<\/p><ul><li>Nom et pr\u00e9nom(s), date et lieu de naissance, profession, domicile du p\u00e8re<\/li><li>Nom et pr\u00e9nom(s), date et lieu de naissance, profession, domicile de la m\u00e8re (si le p\u00e8re peut donner ces informations)<\/li><\/ul>\t\t\t\t\t\t\t\t<\/div>\n\t\t\t\t<\/div>\n\t\t\t\t<div class=\"elementor-element elementor-element-ba95856 elementor-widget elementor-widget-image\" data-id=\"ba95856\" data-element_type=\"widget\" data-e-type=\"widget\" data-widget_type=\"image.default\">\n\t\t\t\t<div class=\"elementor-widget-container\">\n\t\t\t\t\t\t\t\t\t\t\t\t\t\t\t<img fetchpriority=\"high\" decoding=\"async\" width=\"458\" height=\"110\" src=\"https:\/\/aiguilhe.fr\/wp-content\/uploads\/2022\/08\/telechargement.jpeg\" class=\"attachment-ocean-thumb-m size-ocean-thumb-m wp-image-2022\" alt=\"\" srcset=\"https:\/\/aiguilhe.fr\/wp-content\/uploads\/2022\/08\/telechargement.jpeg 458w, https:\/\/aiguilhe.fr\/wp-content\/uploads\/2022\/08\/telechargement-300x72.jpeg 300w\" sizes=\"(max-width: 458px) 100vw, 458px\" \/>\t\t\t\t\t\t\t\t\t\t\t\t\t\t\t<\/div>\n\t\t\t\t<\/div>\n\t\t\t\t\t<\/div>\n\t\t<\/div>\n\t\t\t\t\t<\/div>\n\t\t<\/section>\n\t\t\t\t<\/div>\n\t\t","protected":false},"excerpt":{"rendered":"<p>Reconnaissance d&rsquo;un enfant \u00e0 Aiguilhe Qu&rsquo;est-ce une reconnaissance de l&rsquo;enfant ? La filiation d&rsquo;un enfant n\u00e9 de parents qui ne sont pas mari\u00e9s n&rsquo;est pas automatique. Si le nom de la m\u00e8re figure sur l&rsquo;acte de naissance, la filiation maternelle est \u00e9tablie. En faisant une reconnaissance pr\u00e9natale, l\u2019enfant est reconnu par le p\u00e8re (acte de [&hellip;]<\/p>\n","protected":false},"author":3,"featured_media":0,"parent":0,"menu_order":0,"comment_status":"closed","ping_status":"closed","template":"","meta":{"ocean_post_layout":"full-screen","ocean_both_sidebars_style":"","ocean_both_sidebars_content_width":0,"ocean_both_sidebars_sidebars_width":0,"ocean_sidebar":"0","ocean_second_sidebar":"0","ocean_disable_margins":"on","ocean_add_body_class":"","ocean_shortcode_before_top_bar":"","ocean_shortcode_after_top_bar":"","ocean_shortcode_before_header":"","ocean_shortcode_after_header":"","ocean_has_shortcode":"","ocean_shortcode_after_title":"","ocean_shortcode_before_footer_widgets":"","ocean_shortcode_after_footer_widgets":"","ocean_shortcode_before_footer_bottom":"","ocean_shortcode_after_footer_bottom":"","ocean_display_top_bar":"default","ocean_display_header":"default","ocean_header_style":"","ocean_center_header_left_menu":"0","ocean_custom_header_template":"0","ocean_custom_logo":0,"ocean_custom_retina_logo":0,"ocean_custom_logo_max_width":0,"ocean_custom_logo_tablet_max_width":0,"ocean_custom_logo_mobile_max_width":0,"ocean_custom_logo_max_height":0,"ocean_custom_logo_tablet_max_height":0,"ocean_custom_logo_mobile_max_height":0,"ocean_header_custom_menu":"0","ocean_menu_typo_font_family":"0","ocean_menu_typo_font_subset":"","ocean_menu_typo_font_size":0,"ocean_menu_typo_font_size_tablet":0,"ocean_menu_typo_font_size_mobile":0,"ocean_menu_typo_font_size_unit":"px","ocean_menu_typo_font_weight":"","ocean_menu_typo_font_weight_tablet":"","ocean_menu_typo_font_weight_mobile":"","ocean_menu_typo_transform":"","ocean_menu_typo_transform_tablet":"","ocean_menu_typo_transform_mobile":"","ocean_menu_typo_line_height":0,"ocean_menu_typo_line_height_tablet":0,"ocean_menu_typo_line_height_mobile":0,"ocean_menu_typo_line_height_unit":"","ocean_menu_typo_spacing":0,"ocean_menu_typo_spacing_tablet":0,"ocean_menu_typo_spacing_mobile":0,"ocean_menu_typo_spacing_unit":"","ocean_menu_link_color":"","ocean_menu_link_color_hover":"","ocean_menu_link_color_active":"","ocean_menu_link_background":"","ocean_menu_link_hover_background":"","ocean_menu_link_active_background":"","ocean_menu_social_links_bg":"","ocean_menu_social_hover_links_bg":"","ocean_menu_social_links_color":"","ocean_menu_social_hover_links_color":"","ocean_disable_title":"on","ocean_disable_heading":"default","ocean_post_title":"","ocean_post_subheading":"","ocean_post_title_style":"","ocean_post_title_background_color":"","ocean_post_title_background":0,"ocean_post_title_bg_image_position":"","ocean_post_title_bg_image_attachment":"","ocean_post_title_bg_image_repeat":"","ocean_post_title_bg_image_size":"","ocean_post_title_height":0,"ocean_post_title_bg_overlay":0.5,"ocean_post_title_bg_overlay_color":"","ocean_disable_breadcrumbs":"default","ocean_breadcrumbs_color":"","ocean_breadcrumbs_separator_color":"","ocean_breadcrumbs_links_color":"","ocean_breadcrumbs_links_hover_color":"","ocean_display_footer_widgets":"default","ocean_display_footer_bottom":"default","ocean_custom_footer_template":"0","footnotes":""},"class_list":["post-2017","page","type-page","status-publish","hentry","entry"],"yoast_head":"<!-- This site is optimized with the Yoast SEO plugin v27.3 - https:\/\/yoast.com\/product\/yoast-seo-wordpress\/ -->\n<title>Reconnaissance &#8226; Commune d&#039;Aiguilhe<\/title>\n<meta name=\"robots\" content=\"index, follow, max-snippet:-1, max-image-preview:large, max-video-preview:-1\" \/>\n<link rel=\"canonical\" href=\"https:\/\/aiguilhe.fr\/index.php\/reconnaissance\/\" \/>\n<meta property=\"og:locale\" content=\"fr_FR\" \/>\n<meta property=\"og:type\" content=\"article\" \/>\n<meta property=\"og:title\" content=\"Reconnaissance &#8226; Commune d&#039;Aiguilhe\" \/>\n<meta property=\"og:description\" content=\"Reconnaissance d&rsquo;un enfant \u00e0 Aiguilhe Qu&rsquo;est-ce une reconnaissance de l&rsquo;enfant ? La filiation d&rsquo;un enfant n\u00e9 de parents qui ne sont pas mari\u00e9s n&rsquo;est pas automatique. Si le nom de la m\u00e8re figure sur l&rsquo;acte de naissance, la filiation maternelle est \u00e9tablie. En faisant une reconnaissance pr\u00e9natale, l\u2019enfant est reconnu par le p\u00e8re (acte de [&hellip;]\" \/>\n<meta property=\"og:url\" content=\"https:\/\/aiguilhe.fr\/index.php\/reconnaissance\/\" \/>\n<meta property=\"og:site_name\" content=\"Commune d&#039;Aiguilhe\" \/>\n<meta property=\"article:modified_time\" content=\"2022-11-09T14:52:05+00:00\" \/>\n<meta property=\"og:image\" content=\"https:\/\/aiguilhe.eu\/wp-content\/uploads\/2022\/08\/telechargement.jpeg\" \/>\n<meta name=\"twitter:card\" content=\"summary_large_image\" \/>\n<meta name=\"twitter:label1\" content=\"Dur\u00e9e de lecture estim\u00e9e\" \/>\n\t<meta name=\"twitter:data1\" content=\"2 minutes\" \/>\n<script type=\"application\/ld+json\" class=\"yoast-schema-graph\">{\"@context\":\"https:\\\/\\\/schema.org\",\"@graph\":[{\"@type\":\"WebPage\",\"@id\":\"https:\\\/\\\/aiguilhe.fr\\\/index.php\\\/reconnaissance\\\/\",\"url\":\"https:\\\/\\\/aiguilhe.fr\\\/index.php\\\/reconnaissance\\\/\",\"name\":\"Reconnaissance &#8226; Commune d&#039;Aiguilhe\",\"isPartOf\":{\"@id\":\"https:\\\/\\\/aiguilhe.fr\\\/#website\"},\"primaryImageOfPage\":{\"@id\":\"https:\\\/\\\/aiguilhe.fr\\\/index.php\\\/reconnaissance\\\/#primaryimage\"},\"image\":{\"@id\":\"https:\\\/\\\/aiguilhe.fr\\\/index.php\\\/reconnaissance\\\/#primaryimage\"},\"thumbnailUrl\":\"https:\\\/\\\/aiguilhe.eu\\\/wp-content\\\/uploads\\\/2022\\\/08\\\/telechargement.jpeg\",\"datePublished\":\"2022-08-02T09:51:04+00:00\",\"dateModified\":\"2022-11-09T14:52:05+00:00\",\"breadcrumb\":{\"@id\":\"https:\\\/\\\/aiguilhe.fr\\\/index.php\\\/reconnaissance\\\/#breadcrumb\"},\"inLanguage\":\"fr-FR\",\"potentialAction\":[{\"@type\":\"ReadAction\",\"target\":[\"https:\\\/\\\/aiguilhe.fr\\\/index.php\\\/reconnaissance\\\/\"]}]},{\"@type\":\"ImageObject\",\"inLanguage\":\"fr-FR\",\"@id\":\"https:\\\/\\\/aiguilhe.fr\\\/index.php\\\/reconnaissance\\\/#primaryimage\",\"url\":\"https:\\\/\\\/aiguilhe.eu\\\/wp-content\\\/uploads\\\/2022\\\/08\\\/telechargement.jpeg\",\"contentUrl\":\"https:\\\/\\\/aiguilhe.eu\\\/wp-content\\\/uploads\\\/2022\\\/08\\\/telechargement.jpeg\"},{\"@type\":\"BreadcrumbList\",\"@id\":\"https:\\\/\\\/aiguilhe.fr\\\/index.php\\\/reconnaissance\\\/#breadcrumb\",\"itemListElement\":[{\"@type\":\"ListItem\",\"position\":1,\"name\":\"Accueil\",\"item\":\"https:\\\/\\\/aiguilhe.fr\\\/\"},{\"@type\":\"ListItem\",\"position\":2,\"name\":\"Reconnaissance\"}]},{\"@type\":\"WebSite\",\"@id\":\"https:\\\/\\\/aiguilhe.fr\\\/#website\",\"url\":\"https:\\\/\\\/aiguilhe.fr\\\/\",\"name\":\"Commune d&#039;Aiguilhe\",\"description\":\"Commune de haute-loire\",\"publisher\":{\"@id\":\"https:\\\/\\\/aiguilhe.fr\\\/#organization\"},\"potentialAction\":[{\"@type\":\"SearchAction\",\"target\":{\"@type\":\"EntryPoint\",\"urlTemplate\":\"https:\\\/\\\/aiguilhe.fr\\\/?s={search_term_string}\"},\"query-input\":{\"@type\":\"PropertyValueSpecification\",\"valueRequired\":true,\"valueName\":\"search_term_string\"}}],\"inLanguage\":\"fr-FR\"},{\"@type\":\"Organization\",\"@id\":\"https:\\\/\\\/aiguilhe.fr\\\/#organization\",\"name\":\"Commune d&#039;Aiguilhe\",\"url\":\"https:\\\/\\\/aiguilhe.fr\\\/\",\"logo\":{\"@type\":\"ImageObject\",\"inLanguage\":\"fr-FR\",\"@id\":\"https:\\\/\\\/aiguilhe.fr\\\/#\\\/schema\\\/logo\\\/image\\\/\",\"url\":\"https:\\\/\\\/aiguilhe.fr\\\/wp-content\\\/uploads\\\/2022\\\/06\\\/cropped-logo-1.jpg\",\"contentUrl\":\"https:\\\/\\\/aiguilhe.fr\\\/wp-content\\\/uploads\\\/2022\\\/06\\\/cropped-logo-1.jpg\",\"width\":106,\"height\":84,\"caption\":\"Commune d&#039;Aiguilhe\"},\"image\":{\"@id\":\"https:\\\/\\\/aiguilhe.fr\\\/#\\\/schema\\\/logo\\\/image\\\/\"}}]}<\/script>\n<!-- \/ Yoast SEO plugin. -->","yoast_head_json":{"title":"Reconnaissance &#8226; Commune d&#039;Aiguilhe","robots":{"index":"index","follow":"follow","max-snippet":"max-snippet:-1","max-image-preview":"max-image-preview:large","max-video-preview":"max-video-preview:-1"},"canonical":"https:\/\/aiguilhe.fr\/index.php\/reconnaissance\/","og_locale":"fr_FR","og_type":"article","og_title":"Reconnaissance &#8226; Commune d&#039;Aiguilhe","og_description":"Reconnaissance d&rsquo;un enfant \u00e0 Aiguilhe Qu&rsquo;est-ce une reconnaissance de l&rsquo;enfant ? La filiation d&rsquo;un enfant n\u00e9 de parents qui ne sont pas mari\u00e9s n&rsquo;est pas automatique. Si le nom de la m\u00e8re figure sur l&rsquo;acte de naissance, la filiation maternelle est \u00e9tablie. En faisant une reconnaissance pr\u00e9natale, l\u2019enfant est reconnu par le p\u00e8re (acte de [&hellip;]","og_url":"https:\/\/aiguilhe.fr\/index.php\/reconnaissance\/","og_site_name":"Commune d&#039;Aiguilhe","article_modified_time":"2022-11-09T14:52:05+00:00","og_image":[{"url":"https:\/\/aiguilhe.eu\/wp-content\/uploads\/2022\/08\/telechargement.jpeg","type":"","width":"","height":""}],"twitter_card":"summary_large_image","twitter_misc":{"Dur\u00e9e de lecture estim\u00e9e":"2 minutes"},"schema":{"@context":"https:\/\/schema.org","@graph":[{"@type":"WebPage","@id":"https:\/\/aiguilhe.fr\/index.php\/reconnaissance\/","url":"https:\/\/aiguilhe.fr\/index.php\/reconnaissance\/","name":"Reconnaissance &#8226; Commune d&#039;Aiguilhe","isPartOf":{"@id":"https:\/\/aiguilhe.fr\/#website"},"primaryImageOfPage":{"@id":"https:\/\/aiguilhe.fr\/index.php\/reconnaissance\/#primaryimage"},"image":{"@id":"https:\/\/aiguilhe.fr\/index.php\/reconnaissance\/#primaryimage"},"thumbnailUrl":"https:\/\/aiguilhe.eu\/wp-content\/uploads\/2022\/08\/telechargement.jpeg","datePublished":"2022-08-02T09:51:04+00:00","dateModified":"2022-11-09T14:52:05+00:00","breadcrumb":{"@id":"https:\/\/aiguilhe.fr\/index.php\/reconnaissance\/#breadcrumb"},"inLanguage":"fr-FR","potentialAction":[{"@type":"ReadAction","target":["https:\/\/aiguilhe.fr\/index.php\/reconnaissance\/"]}]},{"@type":"ImageObject","inLanguage":"fr-FR","@id":"https:\/\/aiguilhe.fr\/index.php\/reconnaissance\/#primaryimage","url":"https:\/\/aiguilhe.eu\/wp-content\/uploads\/2022\/08\/telechargement.jpeg","contentUrl":"https:\/\/aiguilhe.eu\/wp-content\/uploads\/2022\/08\/telechargement.jpeg"},{"@type":"BreadcrumbList","@id":"https:\/\/aiguilhe.fr\/index.php\/reconnaissance\/#breadcrumb","itemListElement":[{"@type":"ListItem","position":1,"name":"Accueil","item":"https:\/\/aiguilhe.fr\/"},{"@type":"ListItem","position":2,"name":"Reconnaissance"}]},{"@type":"WebSite","@id":"https:\/\/aiguilhe.fr\/#website","url":"https:\/\/aiguilhe.fr\/","name":"Commune d&#039;Aiguilhe","description":"Commune de haute-loire","publisher":{"@id":"https:\/\/aiguilhe.fr\/#organization"},"potentialAction":[{"@type":"SearchAction","target":{"@type":"EntryPoint","urlTemplate":"https:\/\/aiguilhe.fr\/?s={search_term_string}"},"query-input":{"@type":"PropertyValueSpecification","valueRequired":true,"valueName":"search_term_string"}}],"inLanguage":"fr-FR"},{"@type":"Organization","@id":"https:\/\/aiguilhe.fr\/#organization","name":"Commune d&#039;Aiguilhe","url":"https:\/\/aiguilhe.fr\/","logo":{"@type":"ImageObject","inLanguage":"fr-FR","@id":"https:\/\/aiguilhe.fr\/#\/schema\/logo\/image\/","url":"https:\/\/aiguilhe.fr\/wp-content\/uploads\/2022\/06\/cropped-logo-1.jpg","contentUrl":"https:\/\/aiguilhe.fr\/wp-content\/uploads\/2022\/06\/cropped-logo-1.jpg","width":106,"height":84,"caption":"Commune d&#039;Aiguilhe"},"image":{"@id":"https:\/\/aiguilhe.fr\/#\/schema\/logo\/image\/"}}]}},"_links":{"self":[{"href":"https:\/\/aiguilhe.fr\/index.php\/wp-json\/wp\/v2\/pages\/2017","targetHints":{"allow":["GET"]}}],"collection":[{"href":"https:\/\/aiguilhe.fr\/index.php\/wp-json\/wp\/v2\/pages"}],"about":[{"href":"https:\/\/aiguilhe.fr\/index.php\/wp-json\/wp\/v2\/types\/page"}],"author":[{"embeddable":true,"href":"https:\/\/aiguilhe.fr\/index.php\/wp-json\/wp\/v2\/users\/3"}],"replies":[{"embeddable":true,"href":"https:\/\/aiguilhe.fr\/index.php\/wp-json\/wp\/v2\/comments?post=2017"}],"version-history":[{"count":42,"href":"https:\/\/aiguilhe.fr\/index.php\/wp-json\/wp\/v2\/pages\/2017\/revisions"}],"predecessor-version":[{"id":6408,"href":"https:\/\/aiguilhe.fr\/index.php\/wp-json\/wp\/v2\/pages\/2017\/revisions\/6408"}],"wp:attachment":[{"href":"https:\/\/aiguilhe.fr\/index.php\/wp-json\/wp\/v2\/media?parent=2017"}],"curies":[{"name":"wp","href":"https:\/\/api.w.org\/{rel}","templated":true}]}}